st the prime factors of ((-105)/(-25))/7 - (-3231)/15.
2, 3
Let c be ((-8)/(-10))/((-4)/(-40)). Let t = -6 + c. Suppose t*s - 12 = 2*o, -4*s + 0*o - o = -44. List the prime factors of s.
2, 5
Let f(n) = -n**3 - 8*n**2 + 5*n + 8. Let r be f(-6). Let p = -47 - r. List the prime factors of p.
47
Let x(c) = 2*c**2 - 9*c + 8. Let j be x(6). List the prime factors of (-2 + 3)/(2/j).
13
Let n(p) = p**2 + 7*p + 5. Let v be n(-7). Let u(s) = -s - 3 + v - 8. List the prime factors of u(-9).
3
Let w(k) = 3*k**3 - 2*k**2 + 2*k - 1. Let b be w(1). Suppose b*h = -2*h + 120. What are the prime factors of h?
2, 3, 5
Let a = 10 + 20. List the prime factors of a.
2, 3, 5
Let g(t) = -5*t + 14. What are the prime factors of g(-3)?
29
Let z(o) = o - 4. Let g be z(4). Suppose g = t - 1. List the prime factors of (t - 13/(-2))*2.
3, 5
Let j(s) = -s + 2. Let y be j(5). Let x(l) = -4*l**2 + l + 4. Let o be x(y). What are the prime factors of (-553)/o + 2/10?
2
Suppose -z + 6 = 5. Let h(j) = 22*j**3 - j**2. What are the prime factors of h(z)?
3, 7
Let v(q) = -q**3 + 7*q**2 - q - 7. What are the prime factors of v(6)?
23
Let c(g) = -5*g + 119. What are the prime factors of c(-7)?
2, 7, 11
Let p = 4 - 0. List the prime factors of p.
2
Let y be (-3)/2 + (-34)/(-4). Suppose -3*x - 1 = -y. Suppose 2*s - 56 = -x*s. What are the prime factors of s?
2, 7
Let c(g) = -g - 6. Let y be c(-12). Suppose -3*r = -2*h - 11, 2*h + 12 = -2*h + 4*r. Let i = y - h. What are the prime factors of i?
2
Suppose -2*a - 3 = -7. Suppose 3*b - a*p = 91, 6 + 4 = -5*p. What are the prime factors of b?
29
List the prime factors of 1/(-2)*6 + 161.
2, 79
Let v = 20 + -20. Let z = -7 + 10. Let y = z - v. List the prime factors of y.
3
Suppose 0 = -2*g + 5*g - 6. Suppose -2*d = 3*d. Suppose d*h + g*h - 22 = 0. What are the prime factors of h?
11
Suppose 2*c = c + 4. Let y be 1 + -2 + (c - 3). Suppose y = -3*x + 21 + 30. List the prime factors of x.
17
Suppose -2*j + 14 = 2*c - 76, 0 = -2*c + 5*j + 90. Let l = -31 + c. What are the prime factors of l?
2, 7
Let r(u) = 22 - u + 2*u + 0*u + 11. What are the prime factors of r(0)?
3, 11
Let f(i) be the first derivative of 2*i**3/3 + 2*i**2 + 6*i + 6. What are the prime factors of f(-4)?
2, 11
Let n(b) = b**3 - b**2 - b - 8. Let r be n(0). Let v = 15 + r. What are the prime factors of (v - 3) + (3 - 1)?
2, 3
Suppose z - 250 = -72. What are the prime factors of z?
2, 89
Suppose -2*p + 430 + 102 = 0. List the prime factors of p.
2, 7, 19
Let q(h) = -h + 10. Let p = 8 + -8. What are the prime factors of q(p)?
2, 5
Suppose 3*j + 0*j - 5*t + 87 = 0, -2*t - 66 = 3*j. Let z = j + 67. What are the prime factors of z?
43
Let q(i) = 6*i**2 + 10*i - 1. List the prime factors of q(-4).
5, 11
Suppose -y + 2*j + 92 = -59, -5*y + 755 = -5*j. List the prime factors of y.
151
What are the prime factors of 1*(-4 + 29) - 1?
2, 3
Suppose 3*p - 32 = 5*m, 0 = p - 6*m + m - 4. Suppose 2*g - p = -0. List the prime factors of (-3 + g)*(-1 - -2).
2
Let f(w) = 15*w**2 + 2*w + 1. Suppose -4 = -0*d + 4*d. List the prime factors of f(d).
2, 7
Suppose 0 = -5*v - 2*w - w + 65, -v - 3*w = -25. Suppose -2*b + 26 = v. Let y = b + -6. List the prime factors of y.
2
Let a be -3*328/(-18)*3. Suppose -2*y + k - 6*k + 61 = 0, 5*y - a = -k. List the prime factors of y.
3, 11
Suppose 0*j + 4*j = -5*w + 10, -j = -w + 2. Suppose r - w = -6, 3*c = 2*r - 1. What are the prime factors of c/(-6) - 57/(-6)?
2, 5
Let d = -8 - -16. Let j = 4 + -3. List the prime factors of (-1 - -1) + d/j.
2
Let h(j) be the third derivative of -j**5/60 + j**3/6 + 2*j**2. Let c be h(-1). Suppose c = 3*k - 0*k - 57. What are the prime factors of k?
19
Let z(o) = 43*o**3 - 2*o**2 + 1. List the prime factors of z(1).
2, 3, 7
Let h(u) = 4*u**2 + 12. Let s(j) = 5*j**2 + j + 12. Let i(p) = -6*h(p) + 5*s(p). List the prime factors of i(5).
2, 19
Suppose -5 = l - 0, 3*d = -3*l + 99. List the prime factors of d.
2, 19
Suppose 0 = 4*i - 9*i + 35. Let a(c) = 4*c + 5. List the prime factors of a(i).
3, 11
Suppose -6 = i + 2*s + s, 0 = 5*s + 20. List the prime factors of i.
2, 3
Let q(b) = b**2 + 3*b - 1. Let p be q(-4). Suppose w = p*w - 5*i - 4, -3*w - 7 = -i. Let s = w - -18. List the prime factors of s.
3, 5
Let r(s) = -s**3 + 10*s**2 - 10*s + 12. Let g be r(8). Suppose w - 5*w = -g. What are the prime factors of w?
3, 5
Let s be 39/(-3*(-2)/6). Let w be ((-4)/(-2))/(6/s). Let u = w + -8. What are the prime factors of u?
5
Let g(v) = 2*v + 4. Let h(y) = -7 + 3*y - 4*y - 2*y. Let i(u) = 5*g(u) + 3*h(u). What are the prime factors of i(5)?
2
Let j(d) = 3*d + 7. What are the prime factors of j(9)?
2, 17
Let a be (-2 - 1) + (4 - -5). What are the prime factors of 14*(-2 - a/(-2))?
2, 7
Suppose -m + 25 = 4*m. Suppose -4*u - 5*v = -11, m*u + 0*v = 4*v + 24. Let n = 7 + u. What are the prime factors of n?
11
Let d(p) = 2*p**2 - 6*p + 2. Let h be d(6). Let g = h + -19. Let c = 27 - g. List the prime factors of c.
2
Suppose 5*o + 1 = 4*i, 0 = -4*i + i + 4*o. Suppose -33 = -i*w + 35. What are the prime factors of w?
17
Suppose -5*f = -14*f + 1404. List the prime factors of f.
2, 3, 13
Suppose -5 = -5*u + 15. Let j be u/14 + 38/14. Suppose 30 = 2*l + j*l. List the prime factors of l.
2, 3
Let y(x) = 4*x + 2. Let a(q) = 15*q + 9. Let u(p) = -6*a(p) + 22*y(p). Let z = 11 + -18. What are the prime factors of u(z)?
2
Let h = 8 - 6. Let n(p) = -9*p + 2. Let g(x) = -4*x + 1. Let r(d) = -10*g(d) + 4*n(d). What are the prime factors of r(h)?
2, 3
Let r be -1 + 1 + (-12 - 0). Let i be (-2)/(-1)*(-10)/(-4). What are the prime factors of (r/(-15))/(1/i)?
2
What are the prime factors of (16/(-28))/((-6)/7)*33?
2, 11
What are the prime factors of (3/(-2))/((-9)/354)?
59
What are the prime factors of (88/(-16))/(2/(-4))?
11
Let q be (-9)/(-6)*158/3. Suppose 21 = 2*f - q. What are the prime factors of f?
2, 5
Let x(o) = -3*o + 38. List the prime factors of x(0).
2, 19
Suppose 308 = -0*y + 7*y. List the prime factors of y.
2, 11
Let b(m) = m - 10. Let l(c) = 1. Let r(g) = -b(g) - 3*l(g). Let d be r(11). Let f = 7 + d. List the prime factors of f.
3
Suppose -5*j + 17 = -23. Suppose 0 = 4*f - j*w + 3*w - 158, f - w = 39. List the prime factors of f.
37
Let o be (-3)/(-15) - (-2)/(-10). What are the prime factors of (3 + o + -2)*12?
2, 3
Let x = -37 - -98. Let w be (-289)/(-85) - 6/(-10). Suppose -w*o - 9 = -x. What are the prime factors of o?
13
Suppose -153 = 34*u - 37*u. What are the prime factors of u?
3, 17
Let p be -2*1/2*-26. Suppose 2*o - p = -4. List the prime factors of o.
11
Let v = 17 - -12. What are the prime factors of v?
29
Suppose 5*u = -3*f + 16, -u + 5*f + 16 = -4. Suppose 0*j - u*j = -40. What are the prime factors of j?
2
Let n be (3 - 0) + (-3 - -26). Let c = n - 4. Suppose 6 - c = -4*l, 4*t = -3*l + 68. What are the prime factors of t?
2, 7
Suppose 0*o = x - 5*o + 10, 2*x + 4 = 2*o. Let q(y) = -3*y**3 + 2*y**3 - 3*y**2 - 1 + y + x. List the prime factors of q(-4).
11
Let g = 429 + -164. List the prime factors of g.
5, 53
Let x = -14 + 13. What are the prime factors of -36*(2 + x)*-1?
2, 3
Let n(k) = k**2 + 4*k - 3*k + 1 + 1 + 1. List the prime factors of n(-6).
3, 11
Let z be ((-5)/(-1))/((-4)/(-8)). Let o = z + -6. Suppose 3*a - d = 25, d - 47 = -5*a + o*d. What are the prime factors of a?
7
Let h(b) = b**3 + 17*b**2 - 22*b - 3. List the prime factors of h(-18).
3, 23
Let x(p) = 58*p**2 - p. What are the prime factors of x(-1)?
59
Let k(x) = 5*x + 1. Let n(f) = 16*f + 2. Let h(t) = 7*k(t) - 2*n(t). What are the prime factors of h(5)?
2, 3
Let p(m) = 31*m**2 - 3*m - 2. Suppose 2*s + s = -3. List the prime factors of p(s).
2
Let m(v) be the third derivative of v**6/120 - v**5/10 + v**4/6 - 7*v**3/6 + v**2. Let i(a) = a**2 - 19. Let c be i(-5). List the prime factors of m(c).
17
Suppose -5*n + 950 = -5*y, 4*y - 728 = -4*n - 0*n. List the prime factors of n.
2, 3, 31
Suppose -2*w + 9 + 111 = 0. What are the prime factors of w?
2, 3, 5
Let x(f) = 15*f - 2. List the prime factors of x(1).
13
Suppose 2*b = 3*g + 68, -b - 4*g + 27 + 18 = 0. Let w be (4 - (-3)/(-2))/(3/6). Suppose b = w*n - 48. List the prime factors of n.
17
Suppose 0 = 4*b - 2*b - 10, -3*y = -2*b - 527. What are the prime factors of y?
179
Suppose 5*m + q = 2*m + 173, -5*m + 5*q